{"id":166,"date":"2024-02-22T10:55:18","date_gmt":"2024-02-22T09:55:18","guid":{"rendered":"https:\/\/lasuertetattoo.com\/?page_id=166"},"modified":"2024-05-26T18:25:19","modified_gmt":"2024-05-26T16:25:19","slug":"elementor-166","status":"publish","type":"page","link":"https:\/\/lasuertetattoo.com\/index.php\/elementor-166\/","title":{"rendered":"Pol\u00edtica de Cookies\u200b"},"content":{"rendered":"\t\t<div data-elementor-type=\"wp-page\" data-elementor-id=\"166\" class=\"elementor elementor-166\">\n\t\t\t\t<div class=\"elementor-element elementor-element-001bc79 e-flex e-con-boxed wpr-particle-no wpr-jarallax-no wpr-parallax-no wpr-sticky-section-no e-con e-parent\" data-id=\"001bc79\" data-element_type=\"container\">\n\t\t\t\t\t<div class=\"e-con-inner\">\n\t\t\t\t<div class=\"elementor-element elementor-element-192e595 elementor-widget elementor-widget-spacer\" data-id=\"192e595\" data-element_type=\"widget\" data-widget_type=\"spacer.default\">\n\t\t\t\t<div class=\"elementor-widget-container\">\n\t\t\t\t\t<div class=\"elementor-spacer\">\n\t\t\t<div class=\"elementor-spacer-inner\"><\/div>\n\t\t<\/div>\n\t\t\t\t<\/div>\n\t\t\t\t<\/div>\n\t\t\t\t<div class=\"elementor-element elementor-element-08e0889 elementor-widget elementor-widget-heading\" data-id=\"08e0889\" data-element_type=\"widget\" data-widget_type=\"heading.default\">\n\t\t\t\t<div class=\"elementor-widget-container\">\n\t\t\t<h1 class=\"elementor-heading-title elementor-size-default\">Pol\u00edtica de Cookies<\/h1>\t\t<\/div>\n\t\t\t\t<\/div>\n\t\t\t\t<div class=\"elementor-element elementor-element-bd290c1 elementor-widget elementor-widget-spacer\" data-id=\"bd290c1\" data-element_type=\"widget\" data-widget_type=\"spacer.default\">\n\t\t\t\t<div class=\"elementor-widget-container\">\n\t\t\t\t\t<div class=\"elementor-spacer\">\n\t\t\t<div class=\"elementor-spacer-inner\"><\/div>\n\t\t<\/div>\n\t\t\t\t<\/div>\n\t\t\t\t<\/div>\n\t\t\t\t<div class=\"elementor-element elementor-element-9a38777 elementor-widget elementor-widget-text-editor\" data-id=\"9a38777\" data-element_type=\"widget\" data-widget_type=\"text-editor.default\">\n\t\t\t\t<div class=\"elementor-widget-container\">\n\t\t\t\t\t\t\t<p>\u00daltima actualizaci\u00f3n: 22 de febrero de 2024<\/p><p>Esta Pol\u00edtica de Cookies explica c\u00f3mo LasuerteTatto utiliza cookies y tecnolog\u00edas similares para reconocerte cuando visitas nuestro sitio web. Esta pol\u00edtica explica qu\u00e9 son las cookies, c\u00f3mo las utilizamos, tus opciones con respecto a su uso y m\u00e1s informaci\u00f3n sobre cookies.<\/p><p><strong>\u00bfQu\u00e9 son las cookies?<\/strong><\/p><p>Las cookies son peque\u00f1os archivos de texto que se almacenan en tu dispositivo cuando visitas un sitio web. Las cookies se utilizan ampliamente para que los sitios web funcionen de manera eficiente y para proporcionar informaci\u00f3n a los propietarios del sitio.<\/p><p><strong>\u00bfC\u00f3mo utilizamos las cookies?<\/strong><\/p><p>LasuerteTatto utiliza cookies por diversas razones, incluyendo:<\/p><ul><li><p><strong>Cookies esenciales<\/strong>: Estas cookies son necesarias para proporcionarte servicios disponibles a trav\u00e9s de nuestro sitio web y para permitirte usar algunas de sus funciones. Por ejemplo, pueden ayudarnos a autenticarte y a mantenerte conectado mientras navegas por el sitio.<\/p><\/li><li><p><strong>Cookies de rendimiento y an\u00e1lisis<\/strong>: Estas cookies nos permiten recopilar informaci\u00f3n sobre c\u00f3mo interact\u00faas con nuestro sitio web, incluyendo qu\u00e9 p\u00e1ginas visitas con m\u00e1s frecuencia y si experimentas alg\u00fan error. Utilizamos esta informaci\u00f3n para mejorar el rendimiento y la calidad de nuestro sitio y para comprender mejor c\u00f3mo los visitantes interact\u00faan con \u00e9l.<\/p><\/li><li><p><strong>Cookies de funcionalidad<\/strong>: Estas cookies se utilizan para proporcionarte funcionalidades adicionales que podr\u00edan ser de inter\u00e9s para ti. Por ejemplo, pueden recordar tus preferencias y personalizar el contenido que ves.<\/p><\/li><li><p><strong>Cookies de publicidad<\/strong>: Estas cookies se utilizan para mostrarte anuncios relevantes tanto en nuestro sitio como en otros sitios. Tambi\u00e9n pueden utilizarse para limitar el n\u00famero de veces que ves un anuncio y para ayudar a medir la efectividad de una campa\u00f1a publicitaria.<\/p><\/li><\/ul><p><strong>Control de cookies<\/strong><\/p><p>Puedes controlar y administrar las cookies en tu dispositivo modificando la configuraci\u00f3n de tu navegador. Sin embargo, deshabilitar algunas cookies puede afectar la funcionalidad de nuestro sitio web.<\/p><p><strong>Consentimiento<\/strong><\/p><p>Al utilizar nuestro sitio web, aceptas el uso de cookies de acuerdo con esta Pol\u00edtica de Cookies. Si no est\u00e1s de acuerdo con el uso de cookies, debes descontinuar el uso de nuestro sitio web.<\/p><p><strong>Cambios en la Pol\u00edtica de Cookies<\/strong><\/p><p>Nos reservamos el derecho de modificar esta Pol\u00edtica de Cookies en cualquier momento. Cualquier cambio entrar\u00e1 en vigor inmediatamente despu\u00e9s de su publicaci\u00f3n en este sitio web.<\/p><p><strong>Contacto<\/strong><\/p><p>Si tienes alguna pregunta sobre nuestra Pol\u00edtica de Cookies, cont\u00e1ctanos a trav\u00e9s de nuestra p\u00e1gina de contacto en lasuertetatto.com.<\/p>\t\t\t\t\t\t<\/div>\n\t\t\t\t<\/div>\n\t\t\t\t<div class=\"elementor-element elementor-element-294c4fe elementor-widget elementor-widget-spacer\" data-id=\"294c4fe\" data-element_type=\"widget\" data-widget_type=\"spacer.default\">\n\t\t\t\t<div class=\"elementor-widget-container\">\n\t\t\t\t\t<div class=\"elementor-spacer\">\n\t\t\t<div class=\"elementor-spacer-inner\"><\/div>\n\t\t<\/div>\n\t\t\t\t<\/div>\n\t\t\t\t<\/div>\n\t\t\t\t\t<\/div>\n\t\t\t\t<\/div>\n\t\t\t\t<\/div>\n\t\t","protected":false},"excerpt":{"rendered":"<p>Pol\u00edtica de Cookies \u00daltima actualizaci\u00f3n: 22 de febrero de 2024 Esta Pol\u00edtica de Cookies explica c\u00f3mo LasuerteTatto utiliza cookies y tecnolog\u00edas similares para reconocerte cuando visitas nuestro sitio web. Esta pol\u00edtica explica qu\u00e9 son las cookies, c\u00f3mo las utilizamos, tus opciones con respecto a su uso y m\u00e1s informaci\u00f3n sobre cookies. \u00bfQu\u00e9 son las cookies? Las cookies son peque\u00f1os archivos de texto que se almacenan en tu dispositivo cuando visitas un sitio web. Las cookies se utilizan ampliamente para que los sitios web funcionen de manera eficiente y para proporcionar informaci\u00f3n a los propietarios del sitio. \u00bfC\u00f3mo utilizamos las cookies? LasuerteTatto utiliza cookies por diversas razones, incluyendo: Cookies esenciales: Estas cookies son necesarias para proporcionarte servicios disponibles a trav\u00e9s de nuestro sitio web y para permitirte usar algunas de sus funciones. Por ejemplo, pueden ayudarnos a autenticarte y a mantenerte conectado mientras navegas por el sitio. Cookies de rendimiento y an\u00e1lisis: Estas cookies nos permiten recopilar informaci\u00f3n sobre c\u00f3mo interact\u00faas con nuestro sitio web, incluyendo qu\u00e9 p\u00e1ginas visitas con m\u00e1s frecuencia y si experimentas alg\u00fan error. Utilizamos esta informaci\u00f3n para mejorar el rendimiento y la calidad de nuestro sitio y para comprender mejor c\u00f3mo los visitantes interact\u00faan con \u00e9l. Cookies de funcionalidad: Estas cookies se utilizan para proporcionarte funcionalidades adicionales que podr\u00edan ser de inter\u00e9s para ti. Por ejemplo, pueden recordar tus preferencias y personalizar el contenido que ves. Cookies de publicidad: Estas cookies se utilizan para mostrarte anuncios relevantes tanto en nuestro sitio como en otros sitios. Tambi\u00e9n pueden utilizarse para limitar el n\u00famero de veces que ves un anuncio y para ayudar a medir la efectividad de una campa\u00f1a publicitaria. Control de cookies Puedes controlar y administrar las cookies en tu dispositivo modificando la configuraci\u00f3n de tu navegador. Sin embargo, deshabilitar algunas cookies puede afectar la funcionalidad de nuestro sitio web. Consentimiento Al utilizar nuestro sitio web, aceptas el uso de cookies de acuerdo con esta Pol\u00edtica de Cookies. Si no est\u00e1s de acuerdo con el uso de cookies, debes descontinuar el uso de nuestro sitio web. Cambios en la Pol\u00edtica de Cookies Nos reservamos el derecho de modificar esta Pol\u00edtica de Cookies en cualquier momento. Cualquier cambio entrar\u00e1 en vigor inmediatamente despu\u00e9s de su publicaci\u00f3n en este sitio web. Contacto Si tienes alguna pregunta sobre nuestra Pol\u00edtica de Cookies, cont\u00e1ctanos a trav\u00e9s de nuestra p\u00e1gina de contacto en lasuertetatto.com.<\/p>\n","protected":false},"author":1,"featured_media":0,"parent":0,"menu_order":0,"comment_status":"closed","ping_status":"closed","template":"","meta":{"om_disable_all_campaigns":false,"_uf_show_specific_survey":0,"_uf_disable_surveys":false,"_joinchat":[],"footnotes":""},"class_list":["post-166","page","type-page","status-publish","hentry"],"yoast_head":"<!-- This site is optimized with the Yoast SEO plugin v23.6 - https:\/\/yoast.com\/wordpress\/plugins\/seo\/ -->\n<title>Pol\u00edtica de Cookies\u200b - lasuertetattoo.com<\/title>\n<meta name=\"robots\" content=\"noindex, nofollow\" \/>\n<meta property=\"og:locale\" content=\"es_ES\" \/>\n<meta property=\"og:type\" content=\"article\" \/>\n<meta property=\"og:title\" content=\"Pol\u00edtica de Cookies\u200b - lasuertetattoo.com\" \/>\n<meta property=\"og:description\" content=\"Pol\u00edtica de Cookies \u00daltima actualizaci\u00f3n: 22 de febrero de 2024 Esta Pol\u00edtica de Cookies explica c\u00f3mo LasuerteTatto utiliza cookies y tecnolog\u00edas similares para reconocerte cuando visitas nuestro sitio web. Esta pol\u00edtica explica qu\u00e9 son las cookies, c\u00f3mo las utilizamos, tus opciones con respecto a su uso y m\u00e1s informaci\u00f3n sobre cookies. \u00bfQu\u00e9 son las cookies? Las cookies son peque\u00f1os archivos de texto que se almacenan en tu dispositivo cuando visitas un sitio web. Las cookies se utilizan ampliamente para que los sitios web funcionen de manera eficiente y para proporcionar informaci\u00f3n a los propietarios del sitio. \u00bfC\u00f3mo utilizamos las cookies? LasuerteTatto utiliza cookies por diversas razones, incluyendo: Cookies esenciales: Estas cookies son necesarias para proporcionarte servicios disponibles a trav\u00e9s de nuestro sitio web y para permitirte usar algunas de sus funciones. Por ejemplo, pueden ayudarnos a autenticarte y a mantenerte conectado mientras navegas por el sitio. Cookies de rendimiento y an\u00e1lisis: Estas cookies nos permiten recopilar informaci\u00f3n sobre c\u00f3mo interact\u00faas con nuestro sitio web, incluyendo qu\u00e9 p\u00e1ginas visitas con m\u00e1s frecuencia y si experimentas alg\u00fan error. Utilizamos esta informaci\u00f3n para mejorar el rendimiento y la calidad de nuestro sitio y para comprender mejor c\u00f3mo los visitantes interact\u00faan con \u00e9l. Cookies de funcionalidad: Estas cookies se utilizan para proporcionarte funcionalidades adicionales que podr\u00edan ser de inter\u00e9s para ti. Por ejemplo, pueden recordar tus preferencias y personalizar el contenido que ves. Cookies de publicidad: Estas cookies se utilizan para mostrarte anuncios relevantes tanto en nuestro sitio como en otros sitios. Tambi\u00e9n pueden utilizarse para limitar el n\u00famero de veces que ves un anuncio y para ayudar a medir la efectividad de una campa\u00f1a publicitaria. Control de cookies Puedes controlar y administrar las cookies en tu dispositivo modificando la configuraci\u00f3n de tu navegador. Sin embargo, deshabilitar algunas cookies puede afectar la funcionalidad de nuestro sitio web. Consentimiento Al utilizar nuestro sitio web, aceptas el uso de cookies de acuerdo con esta Pol\u00edtica de Cookies. Si no est\u00e1s de acuerdo con el uso de cookies, debes descontinuar el uso de nuestro sitio web. Cambios en la Pol\u00edtica de Cookies Nos reservamos el derecho de modificar esta Pol\u00edtica de Cookies en cualquier momento. Cualquier cambio entrar\u00e1 en vigor inmediatamente despu\u00e9s de su publicaci\u00f3n en este sitio web. Contacto Si tienes alguna pregunta sobre nuestra Pol\u00edtica de Cookies, cont\u00e1ctanos a trav\u00e9s de nuestra p\u00e1gina de contacto en lasuertetatto.com.\" \/>\n<meta property=\"og:url\" content=\"https:\/\/lasuertetattoo.com\/index.php\/elementor-166\/\" \/>\n<meta property=\"og:site_name\" content=\"lasuertetattoo.com\" \/>\n<meta property=\"article:modified_time\" content=\"2024-05-26T16:25:19+00:00\" \/>\n<meta name=\"twitter:card\" content=\"summary_large_image\" \/>\n<script type=\"application\/ld+json\" class=\"yoast-schema-graph\">{\"@context\":\"https:\/\/schema.org\",\"@graph\":[{\"@type\":\"WebPage\",\"@id\":\"https:\/\/lasuertetattoo.com\/index.php\/elementor-166\/\",\"url\":\"https:\/\/lasuertetattoo.com\/index.php\/elementor-166\/\",\"name\":\"Pol\u00edtica de Cookies\u200b - lasuertetattoo.com\",\"isPartOf\":{\"@id\":\"https:\/\/lasuertetattoo.com\/#website\"},\"datePublished\":\"2024-02-22T09:55:18+00:00\",\"dateModified\":\"2024-05-26T16:25:19+00:00\",\"breadcrumb\":{\"@id\":\"https:\/\/lasuertetattoo.com\/index.php\/elementor-166\/#breadcrumb\"},\"inLanguage\":\"es\",\"potentialAction\":[{\"@type\":\"ReadAction\",\"target\":[\"https:\/\/lasuertetattoo.com\/index.php\/elementor-166\/\"]}]},{\"@type\":\"BreadcrumbList\",\"@id\":\"https:\/\/lasuertetattoo.com\/index.php\/elementor-166\/#breadcrumb\",\"itemListElement\":[{\"@type\":\"ListItem\",\"position\":1,\"name\":\"Portada\",\"item\":\"https:\/\/lasuertetattoo.com\/\"},{\"@type\":\"ListItem\",\"position\":2,\"name\":\"Pol\u00edtica de Cookies\u200b\"}]},{\"@type\":\"WebSite\",\"@id\":\"https:\/\/lasuertetattoo.com\/#website\",\"url\":\"https:\/\/lasuertetattoo.com\/\",\"name\":\"lasuertetattoo.com\",\"description\":\"\",\"publisher\":{\"@id\":\"https:\/\/lasuertetattoo.com\/#organization\"},\"potentialAction\":[{\"@type\":\"SearchAction\",\"target\":{\"@type\":\"EntryPoint\",\"urlTemplate\":\"https:\/\/lasuertetattoo.com\/?s={search_term_string}\"},\"query-input\":{\"@type\":\"PropertyValueSpecification\",\"valueRequired\":true,\"valueName\":\"search_term_string\"}}],\"inLanguage\":\"es\"},{\"@type\":\"Organization\",\"@id\":\"https:\/\/lasuertetattoo.com\/#organization\",\"name\":\"lasuertetattoo.com\",\"url\":\"https:\/\/lasuertetattoo.com\/\",\"logo\":{\"@type\":\"ImageObject\",\"inLanguage\":\"es\",\"@id\":\"https:\/\/lasuertetattoo.com\/#\/schema\/logo\/image\/\",\"url\":\"https:\/\/lasuertetattoo.com\/wp-content\/uploads\/2024\/01\/La-suerte-Tattoo-Alcala-de-Henares.png\",\"contentUrl\":\"https:\/\/lasuertetattoo.com\/wp-content\/uploads\/2024\/01\/La-suerte-Tattoo-Alcala-de-Henares.png\",\"width\":966,\"height\":396,\"caption\":\"lasuertetattoo.com\"},\"image\":{\"@id\":\"https:\/\/lasuertetattoo.com\/#\/schema\/logo\/image\/\"}}]}<\/script>\n<!-- \/ Yoast SEO plugin. -->","yoast_head_json":{"title":"Pol\u00edtica de Cookies\u200b - lasuertetattoo.com","robots":{"index":"noindex","follow":"nofollow"},"og_locale":"es_ES","og_type":"article","og_title":"Pol\u00edtica de Cookies\u200b - lasuertetattoo.com","og_description":"Pol\u00edtica de Cookies \u00daltima actualizaci\u00f3n: 22 de febrero de 2024 Esta Pol\u00edtica de Cookies explica c\u00f3mo LasuerteTatto utiliza cookies y tecnolog\u00edas similares para reconocerte cuando visitas nuestro sitio web. Esta pol\u00edtica explica qu\u00e9 son las cookies, c\u00f3mo las utilizamos, tus opciones con respecto a su uso y m\u00e1s informaci\u00f3n sobre cookies. \u00bfQu\u00e9 son las cookies? Las cookies son peque\u00f1os archivos de texto que se almacenan en tu dispositivo cuando visitas un sitio web. Las cookies se utilizan ampliamente para que los sitios web funcionen de manera eficiente y para proporcionar informaci\u00f3n a los propietarios del sitio. \u00bfC\u00f3mo utilizamos las cookies? LasuerteTatto utiliza cookies por diversas razones, incluyendo: Cookies esenciales: Estas cookies son necesarias para proporcionarte servicios disponibles a trav\u00e9s de nuestro sitio web y para permitirte usar algunas de sus funciones. Por ejemplo, pueden ayudarnos a autenticarte y a mantenerte conectado mientras navegas por el sitio. Cookies de rendimiento y an\u00e1lisis: Estas cookies nos permiten recopilar informaci\u00f3n sobre c\u00f3mo interact\u00faas con nuestro sitio web, incluyendo qu\u00e9 p\u00e1ginas visitas con m\u00e1s frecuencia y si experimentas alg\u00fan error. Utilizamos esta informaci\u00f3n para mejorar el rendimiento y la calidad de nuestro sitio y para comprender mejor c\u00f3mo los visitantes interact\u00faan con \u00e9l. Cookies de funcionalidad: Estas cookies se utilizan para proporcionarte funcionalidades adicionales que podr\u00edan ser de inter\u00e9s para ti. Por ejemplo, pueden recordar tus preferencias y personalizar el contenido que ves. Cookies de publicidad: Estas cookies se utilizan para mostrarte anuncios relevantes tanto en nuestro sitio como en otros sitios. Tambi\u00e9n pueden utilizarse para limitar el n\u00famero de veces que ves un anuncio y para ayudar a medir la efectividad de una campa\u00f1a publicitaria. Control de cookies Puedes controlar y administrar las cookies en tu dispositivo modificando la configuraci\u00f3n de tu navegador. Sin embargo, deshabilitar algunas cookies puede afectar la funcionalidad de nuestro sitio web. Consentimiento Al utilizar nuestro sitio web, aceptas el uso de cookies de acuerdo con esta Pol\u00edtica de Cookies. Si no est\u00e1s de acuerdo con el uso de cookies, debes descontinuar el uso de nuestro sitio web. Cambios en la Pol\u00edtica de Cookies Nos reservamos el derecho de modificar esta Pol\u00edtica de Cookies en cualquier momento. Cualquier cambio entrar\u00e1 en vigor inmediatamente despu\u00e9s de su publicaci\u00f3n en este sitio web. Contacto Si tienes alguna pregunta sobre nuestra Pol\u00edtica de Cookies, cont\u00e1ctanos a trav\u00e9s de nuestra p\u00e1gina de contacto en lasuertetatto.com.","og_url":"https:\/\/lasuertetattoo.com\/index.php\/elementor-166\/","og_site_name":"lasuertetattoo.com","article_modified_time":"2024-05-26T16:25:19+00:00","twitter_card":"summary_large_image","schema":{"@context":"https:\/\/schema.org","@graph":[{"@type":"WebPage","@id":"https:\/\/lasuertetattoo.com\/index.php\/elementor-166\/","url":"https:\/\/lasuertetattoo.com\/index.php\/elementor-166\/","name":"Pol\u00edtica de Cookies\u200b - lasuertetattoo.com","isPartOf":{"@id":"https:\/\/lasuertetattoo.com\/#website"},"datePublished":"2024-02-22T09:55:18+00:00","dateModified":"2024-05-26T16:25:19+00:00","breadcrumb":{"@id":"https:\/\/lasuertetattoo.com\/index.php\/elementor-166\/#breadcrumb"},"inLanguage":"es","potentialAction":[{"@type":"ReadAction","target":["https:\/\/lasuertetattoo.com\/index.php\/elementor-166\/"]}]},{"@type":"BreadcrumbList","@id":"https:\/\/lasuertetattoo.com\/index.php\/elementor-166\/#breadcrumb","itemListElement":[{"@type":"ListItem","position":1,"name":"Portada","item":"https:\/\/lasuertetattoo.com\/"},{"@type":"ListItem","position":2,"name":"Pol\u00edtica de Cookies\u200b"}]},{"@type":"WebSite","@id":"https:\/\/lasuertetattoo.com\/#website","url":"https:\/\/lasuertetattoo.com\/","name":"lasuertetattoo.com","description":"","publisher":{"@id":"https:\/\/lasuertetattoo.com\/#organization"},"potentialAction":[{"@type":"SearchAction","target":{"@type":"EntryPoint","urlTemplate":"https:\/\/lasuertetattoo.com\/?s={search_term_string}"},"query-input":{"@type":"PropertyValueSpecification","valueRequired":true,"valueName":"search_term_string"}}],"inLanguage":"es"},{"@type":"Organization","@id":"https:\/\/lasuertetattoo.com\/#organization","name":"lasuertetattoo.com","url":"https:\/\/lasuertetattoo.com\/","logo":{"@type":"ImageObject","inLanguage":"es","@id":"https:\/\/lasuertetattoo.com\/#\/schema\/logo\/image\/","url":"https:\/\/lasuertetattoo.com\/wp-content\/uploads\/2024\/01\/La-suerte-Tattoo-Alcala-de-Henares.png","contentUrl":"https:\/\/lasuertetattoo.com\/wp-content\/uploads\/2024\/01\/La-suerte-Tattoo-Alcala-de-Henares.png","width":966,"height":396,"caption":"lasuertetattoo.com"},"image":{"@id":"https:\/\/lasuertetattoo.com\/#\/schema\/logo\/image\/"}}]}},"_links":{"self":[{"href":"https:\/\/lasuertetattoo.com\/index.php\/wp-json\/wp\/v2\/pages\/166","targetHints":{"allow":["GET"]}}],"collection":[{"href":"https:\/\/lasuertetattoo.com\/index.php\/wp-json\/wp\/v2\/pages"}],"about":[{"href":"https:\/\/lasuertetattoo.com\/index.php\/wp-json\/wp\/v2\/types\/page"}],"author":[{"embeddable":true,"href":"https:\/\/lasuertetattoo.com\/index.php\/wp-json\/wp\/v2\/users\/1"}],"replies":[{"embeddable":true,"href":"https:\/\/lasuertetattoo.com\/index.php\/wp-json\/wp\/v2\/comments?post=166"}],"version-history":[{"count":11,"href":"https:\/\/lasuertetattoo.com\/index.php\/wp-json\/wp\/v2\/pages\/166\/revisions"}],"predecessor-version":[{"id":744,"href":"https:\/\/lasuertetattoo.com\/index.php\/wp-json\/wp\/v2\/pages\/166\/revisions\/744"}],"wp:attachment":[{"href":"https:\/\/lasuertetattoo.com\/index.php\/wp-json\/wp\/v2\/media?parent=166"}],"curies":[{"name":"wp","href":"https:\/\/api.w.org\/{rel}","templated":true}]}}